
Is 7197006219 a multiple of 4199?
True
Does 1807 divide 267918469?
True
Is 1632302893 a multiple of 13?
True
Is 364672293 a multiple of 301?
False
Does 41 divide 16449405?
True
Is 1430 a factor of 37414520?
True
Is 3428 a factor of 615079127?
False
Does 5360 divide 852658080?
True
Is 7 a factor of 28375739?
True
Is 540306504 a multiple of 1509?
True
Does 35 divide 1299312123?
False
Is 3330598947 a multiple of 117?
False
Is 2301067667 a multiple of 109?
False
Is 1410 a factor of 38694630?
True
Does 410 divide 44753140?
True
Is 1075 a factor of 461252190?
False
Is 7 a factor of 234915721?
False
Does 1637 divide 1269288343?
False
Is 304555523 a multiple of 1221?
False
Does 3223 divide 184281218?
False
Is 56718288 a multiple of 366?
True
Is 1021480014 a multiple of 610?
False
Is 473476071 a multiple of 300?
False
Does 8 divide 180142560?
True
Is 74324367 a multiple of 9?
True
Is 116103380 a multiple of 842?
True
Is 88838964 a multiple of 27?
True
Is 14 a factor of 2663270470?
True
Is 31314253 a multiple of 50?
False
Is 806165493 a multiple of 86?
False
Is 342 a factor of 24302178?
True
Is 3076170105 a multiple of 2648?
False
Is 76931275 a multiple of 16?
False
Is 1042 a factor of 462618816?
False
Does 116 divide 7653983?
False
Is 203084964 a multiple of 137?
True
Is 88055737 a multiple of 4081?
True
Is 514 a factor of 29462130?
False
Is 1229196 a multiple of 6?
True
Does 159 divide 270899271?
True
Is 5958583274 a multiple of 874?
True
Is 3 a factor of 13424947?
False
Is 230 a factor of 1843829669?
False
Is 517 a factor of 184954165?
True
Is 302 a factor of 182528800?
True
Is 68 a factor of 43493141?
False
Does 417 divide 5436429?
True
Is 1909062162 a multiple of 42?
True
Is 631553384 a multiple of 226?
True
Does 506 divide 276496110?
True
Does 1521 divide 235392167?
False
Is 19 a factor of 202251390?
True
Is 127603190 a multiple of 2431?
True
Is 1460 a factor of 82875999?
False
Does 14 divide 2985735?
False
Is 36829800 a multiple of 518?
True
Is 5289 a factor of 847972781?
False
Is 204903756 a multiple of 36?
True
Does 7 divide 31354652?
True
Does 54 divide 398520691?
False
Is 329321803 a multiple of 1015?
False
Does 12 divide 483990648?
True
Is 42825246 a multiple of 3734?
True
Is 10 a factor of 261842050?
True
Is 18 a factor of 6130732?
False
Does 35 divide 1727978275?
False
Is 6270 a factor of 241990993?
False
Is 126625883 a multiple of 140?
False
Does 7735 divide 1316620760?
True
Is 6884128 a multiple of 303?
False
Is 285 a factor of 31326419?
False
Is 200 a factor of 334266200?
True
Is 966504206 a multiple of 500?
False
Does 399 divide 59486681?
False
Does 698 divide 203929076?
True
Is 1284 a factor of 3756984?
True
Is 3960240 a multiple of 589?
False
Does 4592 divide 186003552?
True
Does 620 divide 190935338?
False
Does 6 divide 108387816?
True
Is 17 a factor of 318445089?
False
Is 1599734710 a multiple of 70?
True
Is 202067292 a multiple of 42?
True
Does 11 divide 82269363?
True
Is 247247182 a multiple of 383?
True
Is 133244241 a multiple of 395?
False
Is 20497258 a multiple of 1502?
False
Does 424 divide 120046661?
False
Is 137845321 a multiple of 51?
False
Is 206 a factor of 5685309?
False
Does 3384 divide 164509776?
True
Is 24448395 a multiple of 234?
False
Is 27 a factor of 178721154?
True
Does 4240 divide 1197083440?
True
Is 41 a factor of 128780136?
False
Does 48 divide 215150691?
False
Does 36 divide 300518532?
True
Does 934 divide 896540062?
True
Is 298 a factor of 1490894?
True
Is 64 a factor of 3229627?
False
Is 25985559 a multiple of 88?
False
Is 330 a factor of 81593490?
True
Does 15 divide 347288055?
True
Is 529749967 a multiple of 13?
False
Is 668 a factor of 45752780?
False
Does 12 divide 343363140?
True
Is 6937100 a multiple of 3?
False
Is 892 a factor of 537011694?
False
Is 241556425 a multiple of 55?
True
Does 46 divide 225999702?
True
Is 14037961 a multiple of 540?
False
Is 138 a factor of 75153972?
True
Is 123725581 a multiple of 2658?
False
Is 6 a factor of 70738466?
False
Is 19 a factor of 809584?
False
Is 1060 a factor of 49205200?
True
Is 20 a factor of 379267600?
True
Is 42495911 a multiple of 281?
True
Is 874483120 a multiple of 14?
True
Is 45 a factor of 37807166?
False
Is 497 a factor of 3543661191?
True
Is 1768814930 a multiple of 17?
False
Is 2862654327 a multiple of 9?
True
Is 208 a factor of 850813642?
False
Is 157306509 a multiple of 1097?
True
Is 2309110901 a multiple of 2115?
False
Is 25 a factor of 1379086771?
False
Is 398912096 a multiple of 352?
True
Is 8032731 a multiple of 146?
False
Is 90 a factor of 513091166?
False
Does 9 divide 5802053?
False
Does 270 divide 31351590?
True
Is 3417258127 a multiple of 1667?
False
Is 5 a factor of 14460900?
True
Does 1677 divide 46340541?
True
Is 1780 a factor of 44750980?
True
Is 13 a factor of 151211699?
False
Is 2 a factor of 235352485?
False
Does 126 divide 256261880?
False
Is 1689714 a multiple of 522?
True
Does 10044 divide 3889485558?
False
Is 34762690 a multiple of 401?
True
Is 646030248 a multiple of 6?
True
Is 118 a factor of 2836244?
False
Does 28 divide 35214602?
False
Is 2173 a factor of 49527067?
False
Does 141 divide 542657253?
True
Is 781344987 a multiple of 1306?
False
Is 26942968 a multiple of 680?
False
Is 507 a factor of 11857716?
True
Is 4 a factor of 8707611?
False
Is 53450693 a multiple of 365?
False
Is 219136755 a multiple of 166?
False
Is 91 a factor of 23393643?
True
Is 10273 a factor of 974921063?
False
Does 22 divide 1709599180?
False
Is 154 a factor of 33625900?
True
Is 635063278 a multiple of 5273?
False
Is 113 a factor of 15808135?
True
Does 212 divide 24537940?
True
Is 111980518 a multiple of 4?
False
Does 1567 divide 20854273?
False
Is 28800834 a multiple of 151?
True
Is 25988130 a multiple of 3486?
True
Does 809 divide 10153759?
True
Is 1252 a factor of 125295152?
True
Is 26140 a multiple of 20?
True
Is 15 a factor of 101806350?
True
Does 91 divide 2055216618?
True
Does 3619 divide 26129180?
True
Does 365 divide 288320800?
True
Is 80 a factor of 14753840?
True
Is 7 a factor of 41442996?
True
Is 147 a factor of 81872091?
True
Is 30430153 a multiple of 907?
False
Does 2794 divide 93674438?
True
Is 40276305 a multiple of 238?
False
Does 2541 divide 28842891?
True
Is 3116 a factor of 322884977?
False
Is 103489125 a multiple of 125?
True
Is 11 a factor of 130277026?
True
Does 8 divide 14574641?
False
Is 368 a factor of 901569088?
True
Does 7 divide 545944015?
False
Is 686752481 a multiple of 4?
False
Is 37 a factor of 490263378?
False
Is 2085 a factor of 21501556?
False
Is 1097224180 a multiple of 20?
True
Does 1809 divide 987943743?
True
Is 735 a factor of 73429440?
True
Is 3439 a factor of 1811988466?
True
Is 67969814 a multiple of 262?
False
Is 363 a factor of 577257112?
False
Does 13 divide 31651412?
True
Is 445980080 a multiple of 10?
True
Is 926 a factor of 192926544?
True
Does 615 divide 23512065?
True
Is 188267835 a multiple of 331?
True
Is 119 a factor of 117299847?
True
Is 232377250 a multiple of 535?
True
Is 947690520 a multiple of 60?
True
Does 896 divide 155680000?
True
Is 14898060 a multiple of 54?
True
Does 91 divide 151663304?
False
Is 1370 a factor of 154658079?
False
Is 259126639 a multiple of 426?
False
Is 10 a factor of 30553320?
True
Is 8 a factor of 1704254040?
True
Is 510 a factor of 54643877?
False
Is 31792288 a multiple of 19?
False
Is 14540445 a multiple of 1917?
True
Is 482 a factor of 92761162?
False
Is 7010145987 a multiple of 13?
True
Does 243 divide 25806993?
False
Does 30 divide 1108449?
False
Is 336113490 a multiple of 23?
True
Is 608 a factor of 43806400?
True
Is 28 a factor of 2932096552?
True
Does 598 divide 407847960?
True
Does 15 divide 5586318600?
True
Does 72 divide 4283370216?
True
Is 3005 a factor of 196722834?
False
Does 1072 divide 83181193?
False
Does 475 divide 451542125?
True
Is 35 a factor of 138229136?
False
Is 192066281 a multiple of 1890?
False
Is 350 a factor of 474632550?
True
Is 53393460 a multiple of 3?
True
Does 971 divide 1674616?
False
Is 19 a factor of 2237400100?
True
Does 8881 divide 1320551414?
True
Is 4 a factor of 7116747?
False
Is 2 a factor of 1094936?
True
Does 1271 divide 20543173?
True
Is 306 a factor of 7964524?
False
Is 10 a factor of 7854912?
False
Is 12 a fact